divided by 14.
5
Calculate the remainder when 2033710 is divided by 994.
980
What is the remainder when 4294066 is divided by 329?
287
What is the remainder when 40948 is divided by 69?
31
Calculate the remainder when 142200 is divided by 69.
60
Calculate the remainder when 26382 is divided by 12274.
1834
What is the remainder when 154675127 is divided by 4614?
5
Calculate the remainder when 336740 is divided by 112207.
119
What is the remainder when 246793 is divided by 80?
73
Calculate the remainder when 8006767 is divided by 1186.
81
Calculate the remainder when 2057963 is divided by 22.
17
Calculate the remainder when 144156 is divided by 2402.
36
Calculate the remainder when 96693740 is divided by 10125.
10115
Calculate the remainder when 210188312 is divided by 391.
6
Calculate the remainder when 148380 is divided by 148303.
77
Calculate the remainder when 10022 is divided by 4857.
308
What is the remainder when 108420 is divided by 52?
0
Calculate the remainder when 22256949 is divided by 7418982.
3
What is the remainder when 3607826 is divided by 1202606?
8
What is the remainder when 1483781 is divided by 902?
893
Calculate the remainder when 139329 is divided by 732.
249
Calculate the remainder when 837858 is divided by 3435.
3153
Calculate the remainder when 1309256 is divided by 5478.
14
Calculate the remainder when 9129377 is divided by 146.
143
What is the remainder when 21918487 is divided by 21918468?
19
Calculate the remainder when 766603 is divided by 653.
634
What is the remainder when 950182 is divided by 83?
81
Calculate the remainder when 11822338 is divided by 110.
88
Calculate the remainder when 1974625 is divided by 59829.
268
Calculate the remainder when 33954130 is divided by 6.
4
What is the remainder when 28287 is divided by 1677?
1455
What is the remainder when 33174 is divided by 734?
144
What is the remainder when 867297 is divided by 867290?
7
Calculate the remainder when 870956 is divided by 804.
224
Calculate the remainder when 210472 is divided by 156.
28
What is the remainder when 194871 is divided by 1785?
306
What is the remainder when 3497670 is divided by 9?
0
Calculate the remainder when 1308036 is divided by 92.
72
What is the remainder when 4767534 is divided by 4767505?
29
What is the remainder when 28914 is divided by 4798?
126
Calculate the remainder when 209161 is divided by 767.
537
Calculate the remainder when 647734 is divided by 464.
454
Calculate the remainder when 37609 is divided by 33625.
3984
What is the remainder when 85295795 is divided by 1700?
1695
Calculate the remainder when 594436 is divided by 197940.
616
Calculate the remainder when 44783194 is divided by 2032.
1978
Calculate the remainder when 595587 is divided by 69.
48
What is the remainder when 1604934 is divided by 2283?
2268
What is the remainder when 36430217 is divided by 9?
8
Calculate the remainder when 26470079 is divided by 4040.
4039
Calculate the remainder when 114870845 is divided by 141.
119
What is the remainder when 650926 is divided by 3156?
790
What is the remainder when 46529131 is divided by 7897?
7
Calculate the remainder when 195134 is divided by 48756.
110
Calculate the remainder when 1014755 is divided by 319.
16
Calculate the remainder when 265100270 is divided by 295.
290
What is the remainder when 8514 is divided by 2398?
1320
What is the remainder when 175393844 is divided by 153?
152
What is the remainder when 427311 is divided by 1730?
1
What is the remainder when 366756773 is divided by 55?
53
What is the remainder when 120743 is divided by 120674?
69
What is the remainder when 22435013 is divided by 5608750?
13
What is the remainder when 511879 is divided by 5463?
3820
What is the remainder when 671054279 is divided by 2980?
2979
What is the remainder when 16997 is divided by 3982?
1069
Calculate the remainder when 58430709 is divided by 1273.
9
Calculate the remainder when 675802 is divided by 42237.
10
What is the remainder when 40128 is divided by 4000?
128
Calculate the remainder when 316527 is divided by 28677.
1080
Calculate the remainder when 1763048 is divided by 1763005.
43
What is the remainder when 745419 is divided by 106479?
66
Calculate the remainder when 252568 is divided by 66.
52
Calculate the remainder when 1098354 is divided by 941.
207
What is the remainder when 18369191 is divided by 15?
11
Calculate the remainder when 92252353 is divided by 105.
88
Calculate the remainder when 24311292 is divided by 16240.
12
Calculate the remainder when 8846605 is divided by 193.
64
What is the remainder when 379519 is divided by 994?
805
Calculate the remainder when 124759 is divided by 62273.
213
Calculate the remainder when 60163 is divided by 150.
13
Calculate the remainder when 72751638 is divided by 21.
15
What is the remainder when 680541 is divided by 10456?
901
What is the remainder when 701511 is divided by 718?
25
What is the remainder when 24549 is divided by 2890?
1429
Calculate the remainder when 85854846 is divided by 3590.
3586
Calculate the remainder when 46912761 is divided by 508.
485
Calculate the remainder when 4488158 is divided by 4488077.
81
Calculate the remainder when 2778430 is divided by 14.
4
Calculate the remainder when 422479966 is divided by 38.
32
What is the remainder when 439717 is divided by 1937?
18
Calculate the remainder when 68464528 is divided by 97.
85
Calculate the remainder when 1143949 is divided by 5296.
13
Calculate the remainder when 152949 is divided by 350.
349
Calculate the remainder when 317953 is divided by 4516.
1833
What is the remainder when 65469 is divided by 20996?
2481
What is the remainder when 46228 is divided by 7671?
202
Calculate the remainder when 175694 is divided by 1627.
1605
What is the remainder when 5457044 is divided by 1121?
16
What is the remainder when 10327569 is divided by 1290940?
49
Calculate the remainder when 1948002 is divided by 34.
6
What is the remainder when 5407 is divided by 5129?
278
Calculate the remainder when 12746147 is divided by 2042.
2025
What is the remainder when 14608152 is divided by 1120?
1112
Calculate the remainder when 1564014 is divided by 1992.
294
What is the remainder when 739460 is divided by 38?
18
What is the remainder when 941716 is divided by 252?
244
Calculate the remainder when 270039998 is divided by 50.
48
What is the remainder when 74052 is divided by 795?
117
Calculate the remainder when 202858887 is divided by 72.
39
Calculate the remainder when 709843861 is divided by 103.
100
What is the remainder when 5408520 is divided by 1728?
1608
What is the remainder when 3436225 is divided by 311?
297
What is the remainder when 20024 is divided by 6528?
440
What is the remainder when 147471 is divided by 10469?
905
Calculate the remainder when 3725791 is divided by 106.
103
What is the remainder when 1428186 is divided by 16?
10
Calculate the remainder when 127123 is divided by 1789.
104
What is the remainder when 213429 is divided by 117?
21
Calculate the remainder when 4253940 is divided by 1417879.
303
Calculate the remainder when 5318072 is divided by 30.
2
What is the remainder when 479258 is divided by 239530?
198
Calculate the remainder when 3275839 is divided by 570.
49
Calculate the remainder when 7692755 is divided by 1996.
171
Calculate the remainder when 165651 is divided by 142.
79
What is the remainder when 5888118 is divided by 1471716?
1254
Calculate the remainder when 422529 is divided by 3300.
129
Calculate the remainder when 17816782 is divided by 46.
16
Calculate the remainder when 176670526 is divided by 2451.
2446
Calculate the remainder when 834978 is divided by 52185.
18
Calculate the remainder when 7587644 is divided by 106.
58
What is the remainder when 2697911 is divided by 81752?
95
Calculate the remainder when 11774 is divided by 5660.
454
Calculate the remainder when 2372785 is divided by 4537.
4471
Calculate the remainder when 11990264 is divided by 11990250.
14
What is the remainder when 84222 is divided by 27953?
363
Calculate the remainder when 211898 is divided by 14125.
23
Calculate the remainder when 250131 is divided by 105.
21
What is the remainder when 202061937 is divided by 41?
38
What is the remainder when 2140676 is divided by 6689